(-12). Suppose 0 = 2*g - x - 77. List the prime factors of g.
2, 3
What are the prime factors of 209/33*(-10 + 529)?
19, 173
Suppose -5*k - 2 + 7 = 0, 6533 = 5*f + 3*k. List the prime factors of f.
2, 653
Let i = -241 - -760. List the prime factors of i.
3, 173
Suppose 2*h - 1544 = -4*m, 0*h - 4*h + 3*m + 3110 = 0. List the prime factors of h.
2, 97
Let a(n) = -2*n**2 + 2*n - 4. Let h be a(-3). Let x = h - -173. List the prime factors of x.
5, 29
Let j = -804 + 1972. List the prime factors of j.
2, 73
Suppose 4*f + 685 = -n, n - f = -176 - 534. Let w = -502 - n. List the prime factors of w.
7, 29
Suppose 4*i = -t + i - 29, 129 = -5*t + i. Let d = -16 - t. List the prime factors of (-10)/(-25) + 26/d.
3
Suppose 0 = -3*o - 2*l - 17, 0 = -2*o - l - 2*l - 13. Let j(y) = 3*y - 26. Let k(q) = -3*q + 25. Let p(x) = o*j(x) - 6*k(x). List the prime factors of p(11).
13
Suppose 84*f - 81*f - 960 = 0. List the prime factors of f.
2, 5
Let p(n) = n**3 - 3*n**2 + 3*n - 1. Suppose -g + 0*h + h = 0, g + 4*h = 0. Let f be -3 + (3 - (-3 - g)). What are the prime factors of p(f)?
2
Suppose -2*s = -15*g + 12*g + 1109, 4*g + 5*s = 1494. List the prime factors of g.
7, 53
Let b(n) = -n**2 + 22*n + 34. Let i be b(23). Suppose -l = 5*g - 4*g - 29, -3*g + 87 = 4*l. Suppose 0 = -2*y + i + g. List the prime factors of y.
2, 5
Let p = -2074 + 6192. What are the prime factors of p?
2, 29, 71
Suppose -5*d + 1092 = 432. Suppose 4*p - d = 2*p. Let l = -31 + p. List the prime factors of l.
5, 7
Suppose 0 = a - 1231 - 351. List the prime factors of a.
2, 7, 113
Suppose 0 = m - 2*k - 6, 0*m + m + 2*k - 2 = 0. List the prime factors of 41/(1 + m + -4).
41
Let t(k) = k**3 - 7*k**2 + 2*k - 10. Let z be t(7). Let w(a) = -3*a**2 - 5*a + 4. Let m be w(z). Let r = m - -93. List the prime factors of r.
29
Let r(w) = 2*w**2 + 10. Let p be r(-4). List the prime factors of (-78)/p*-54 - (-4)/(-14).
2, 5
Suppose -90*x + 50710 = -346640. List the prime factors of x.
5, 883
Let d be (6/(-9))/(301/(-75) + 4). Let l = d + -27. List the prime factors of l.
23
Suppose -7*l + 356 = -18915. What are the prime factors of l?
2753
Let x be (-15)/(4/72*-3). Suppose q - x = -2*q. List the prime factors of q.
2, 3, 5
Suppose f + 16 = 9*f. List the prime factors of 5 - f - (5 - 118).
2, 29
Suppose -5*l + 4*l + 10 = -5*z, 2*z = -3*l + 13. Suppose 2*t = -m + 3, 0 = -2*t + 3*m + l + 2. What are the prime factors of 18 + (-3 - -5)/t?
19
Suppose 22 = 3*t + 5*u, u - 14 = -5*t + 2*t. Let o(p) = -5*p - 1. Let y be o(-1). Suppose 3*m + d = 25, -y*m + t = -2*d - 26. What are the prime factors of m?
2
Let s(k) = k**2 + 4*k + 1. Let t be s(-4). Let f(m) = -2 + 3 + 2*m**2 - t + 4*m. What are the prime factors of f(-4)?
2
Suppose -4*k + 2*n + 968 = 0, -4*k + 948 = -0*k + 3*n. Suppose -p = 4*t - k, 0*t - 2*p = -5*t + 287. What are the prime factors of t?
59
Let a = -35 - 4. Let g = 76 + a. What are the prime factors of g?
37
Let g = 9 + -8. Let n be 0*2*g/(-6). Suppose -4*f + 95 - 39 = n. List the prime factors of f.
2, 7
Suppose -2*m = -5*w - 21, 3*m - 2*w = 7 + 8. Suppose m*o + 4*f = 6 + 1, 0 = 3*o + 3*f - 6. List the prime factors of o - (2 - 5) - -28.
2
Suppose -2*s = -79 - 131. List the prime factors of (-4)/(-5)*s/14.
2, 3
Let z(j) be the second derivative of j**4/12 - j**3/6 - 3*j**2 - 6*j. What are the prime factors of z(-7)?
2, 5
Suppose 5*s = -0*s, -4*h + 2*s = 148. Let j = h + 157. List the prime factors of j.
2, 3, 5
Suppose -2*a + 1397 = n, 3*a + a - n = 2809. List the prime factors of a.
701
Let a(u) = 167*u**2 + 16*u + 52. What are the prime factors of a(-3)?
11, 137
Let x(s) = -2*s - 21. Let n be x(0). Let d = n + 29. List the prime factors of d.
2
Suppose 5*d + 2*x - 1119 = 0, d + 10*x = 5*x + 233. List the prime factors of d.
223
Suppose -z + 3*z = 4. Suppose 3*m = -n + 6, -5*n + z*m + m = 42. List the prime factors of (20/6)/((-2)/n).
2, 5
Suppose 24 = 7*x + 5*x. List the prime factors of ((-9)/x)/((-72)/(-16) + -5).
3
Let o be (-2)/5*(-20)/(-4). Let u(h) = -5*h**3 + 2*h - 1. Let w be u(o). Suppose -4*d = d - w. What are the prime factors of d?
7
Let i(l) = -3*l - 5. Suppose v - 2*q = 2*v + 2, 3*q = -3*v. Let z be ((-5)/2 + -2)*v. List the prime factors of i(z).
2, 11
Suppose 5*b - 4*r = 265, -18*b + 212 = -14*b + 5*r. What are the prime factors of b?
53
Let j(s) = 10*s**2 + 13*s - 71. List the prime factors of j(-14).
3, 569
Let q = 69 + -49. Suppose 5*l - l = q. Suppose 2*z = 2*y - 62, -l*z + 37 = 3*y - 32. List the prime factors of y.
2, 7
Suppose 40 = -j + 42. Suppose 136 = n + 5*c - 3*c, j*c = -5*n + 672. List the prime factors of n.
2, 67
Suppose -u + 5 = -2*u, 0 = -b + 4*u + 45. Suppose -6*j + b = -j. Suppose 0*q + 4*m + 72 = 4*q, j*q - 111 = -2*m. What are the prime factors of q?
3, 7
Suppose -2*s + 7 = 3*o - 7, 4*o - 28 = -5*s. Suppose -s*j + 218 = -98. List the prime factors of j.
79
Suppose 0 = -3*u + 6 + 3. Let y be u - (20 - -2 - 3). Let v = 55 + y. List the prime factors of v.
3, 13
Let w = 93 - 91. Suppose 0 = -w*x - y + 2*y + 156, -2*y + 168 = 2*x. List the prime factors of x.
2, 5
What are the prime factors of (-11811)/(-6) + 3/2*-1?
7, 281
Suppose -5*i - 3*j - 384 = 0, i + 8*j = 5*j - 72. Let u = 118 + i. List the prime factors of u.
2, 5
Let o(m) be the first derivative of 81*m**4/2 - 5*m**2/2 + 5*m - 46. What are the prime factors of o(1)?
2, 3
Suppose 0 = 6*g - 2*g + 664. Let x = 335 + g. What are the prime factors of x?
13
Suppose 22*b + 7106 - 29502 = 0. List the prime factors of b.
2, 509
Let q(j) = -8*j**2 - j**2 + 8*j**2 - 1 - 7*j. Let s be q(-10). Let i = 65 + s. List the prime factors of i.
2, 17
Let i(x) = -2*x - 10. Let w be i(-7). Suppose -103 + 35 = -w*g. What are the prime factors of g?
17
Suppose 421 = 4*d - 8903. What are the prime factors of d?
3, 7, 37
Let i(v) = -v**2 - 4*v + 2. Let s be i(-4). Suppose -5*m + 0*r + 315 = -4*r, -r = s*m - 113. List the prime factors of m.
59
Suppose -4*m - 8*p = -3*p - 1996, -m = -5*p - 499. What are the prime factors of m?
499
Suppose 0 = -h - l + 4*l - 9, 4*h - 4*l = -12. Let w be 11/7 - (-18)/42. Suppose 3*v + 6 = h, -6*o + w*o + 4*v + 64 = 0. What are the prime factors of o?
2, 7
What are the prime factors of (2755 + -1)/9 + (-2)/2?
5, 61
Suppose 5*v + 4*p + 10 = -p, 0 = -3*v + 2*p + 14. Suppose -3*q = v*q. Suppose q = -12*u + 13*u - 39. List the prime factors of u.
3, 13
Suppose 9 = 4*x - 11. Suppose 3*k + 3*d - 216 = -d, 0 = 5*k + x*d - 365. Suppose 0 = 3*y - 3*q - 54, 3*y - 2*q - k = -y. List the prime factors of y.
2, 5
Let s = 357 - 124. What are the prime factors of s?
233
Suppose -5*o + 5575 = -5*l + 2*l, -3*o + 3*l + 3345 = 0. What are the prime factors of o?
5, 223
Suppose 4*n + c - 2120 = -4*c, 4*n - 2*c - 2148 = 0. List the prime factors of n.
5, 107
Let q = 86 + -17. Suppose -k - 1 = -q. What are the prime factors of k?
2, 17
Let n be 0/(1 + 0) - -78. Let p be (-1)/(2/n*-1). Let k = 69 - p. What are the prime factors of k?
2, 3, 5
Let v(k) = -k**2 - 2*k. Let s be v(-2). Suppose r + 0*r - 4 = s. Suppose -4*w + p = -117, 4*w = w + r*p + 91. List the prime factors of w.
29
Let j be (-1)/(-4 - 28/(-8)). Suppose -j*m + 0*m = -34. What are the prime factors of m?
17
Let g be 8 + -6 + (70 - 1 - 2). Let u = g - -54. What are the prime factors of u?
3, 41
Let o = 16 - 14. Suppose 3*n + 2*w - 233 = 0, w - 2*w + 154 = o*n. What are the prime factors of n?
3, 5
What are the prime factors of 3*(1624/21 - 0)?
2, 29
Let w(q) = q**3 + 16*q**2 - 8*q + 1. Let y(v) = v**3 - 10*v**2 - 12*v - 5. Let u be y(11). What are the prime factors of w(u)?
3, 43
Let m(k) = 109*k + 6. Let r = 76 - 74. List the prime factors of m(r).
2, 7
Suppose -9*x + 227 = -1078. Suppose -2*i + x = 11. What are the prime factors of i?
67
Let o = 4148 - 2378. List the prime factors of o.
2, 3, 5, 59
Let x be 2/4*(-48)/(-8). Suppose -265 = x*s - 676. Suppose -5*u + 3*m + 78 + s = 0, -4*m - 43 = -u. What are the prime factors of u?
43
Let l(m) = -6*m - 29. Let w be 10/(-5)*17/2. What are the prime factors of l(w)?
73
Let t(j) = 14*j**2 - 170*j - 25. List the prime factors of t(27).
5591
Suppose 31*u - 36*u + 460 = 0. Suppose u = p - 16. List the prime factors of p.
2, 3
Let c(v) = 5*v - 25. Let j be c(6). Suppose -j*y + 268 = -y - 4*b, 5*y - 335 = b. List th